{"id":740,"date":"2016-04-13T15:31:50","date_gmt":"2016-04-13T13:31:50","guid":{"rendered":"http:\/\/www.hsfk.nu\/?page_id=740"},"modified":"2025-04-20T22:31:04","modified_gmt":"2025-04-20T20:31:04","slug":"stugbokningar","status":"publish","type":"page","link":"https:\/\/www.hsfk.nu\/?page_id=740","title":{"rendered":"Stugbokningar"},"content":{"rendered":"<p>H\u00e4r p\u00e5 undermenyerna kan du se n\u00e4r klubbstugan \u00e4r bokad.<\/p>\n<p>Endast dom dagar som \u00e4r bokade skrivs in h\u00e4r. <span style=\"color: #ff0000;\">Finns inget datum inskrivet betyder det att stugan \u00e4r ledig den dagen.<\/span><\/p>\n<p>Fr\u00e5gor om klubbstugan ring p\u00e5 0735 289 148<\/p>\n","protected":false},"excerpt":{"rendered":"<p>H\u00e4r p\u00e5 undermenyerna kan du se n\u00e4r klubbstugan \u00e4r bokad. Endast dom dagar som \u00e4r bokade skrivs in h\u00e4r. Finns inget datum inskrivet betyder det att stugan \u00e4r ledig den dagen. Fr\u00e5gor om klubbstugan ring p\u00e5 0735 289 148<\/p>\n","protected":false},"author":2,"featured_media":0,"parent":0,"menu_order":0,"comment_status":"closed","ping_status":"closed","template":"","meta":{"ngg_post_thumbnail":0,"footnotes":""},"class_list":["post-740","page","type-page","status-publish","hentry"],"_links":{"self":[{"href":"https:\/\/www.hsfk.nu\/index.php?rest_route=\/wp\/v2\/pages\/740","targetHints":{"allow":["GET"]}}],"collection":[{"href":"https:\/\/www.hsfk.nu\/index.php?rest_route=\/wp\/v2\/pages"}],"about":[{"href":"https:\/\/www.hsfk.nu\/index.php?rest_route=\/wp\/v2\/types\/page"}],"author":[{"embeddable":true,"href":"https:\/\/www.hsfk.nu\/index.php?rest_route=\/wp\/v2\/users\/2"}],"replies":[{"embeddable":true,"href":"https:\/\/www.hsfk.nu\/index.php?rest_route=%2Fwp%2Fv2%2Fcomments&post=740"}],"version-history":[{"count":11,"href":"https:\/\/www.hsfk.nu\/index.php?rest_route=\/wp\/v2\/pages\/740\/revisions"}],"predecessor-version":[{"id":2341,"href":"https:\/\/www.hsfk.nu\/index.php?rest_route=\/wp\/v2\/pages\/740\/revisions\/2341"}],"wp:attachment":[{"href":"https:\/\/www.hsfk.nu\/index.php?rest_route=%2Fwp%2Fv2%2Fmedia&parent=740"}],"curies":[{"name":"wp","href":"https:\/\/api.w.org\/{rel}","templated":true}]}}