{"id":354,"date":"2015-05-02T09:30:26","date_gmt":"2015-05-02T07:30:26","guid":{"rendered":"http:\/\/www.hsfk.nu\/?page_id=354"},"modified":"2015-05-02T09:33:06","modified_gmt":"2015-05-02T07:33:06","slug":"fiskekarta","status":"publish","type":"page","link":"http:\/\/www.hsfk.nu\/?page_id=354","title":{"rendered":"Fiskekarta"},"content":{"rendered":"<p><span style=\"color: #0000ff;\"><strong>H\u00e4r finns en fiskekarta \u00f6ver Tisaren.<\/strong><\/span><\/p>\n<p>Observera att alla grund och stenar \u00e4r inte utm\u00e4rkta.<br \/>\nInformationen p\u00e5 kartan \u00e4r ungef\u00e4rlig och ska inte anv\u00e4ndas f\u00f6r navigation.<\/p>\n<p><a href=\"http:\/\/www.hsfk.nu\/wp-content\/uploads\/2015\/05\/Sportfiskekarta-Tisaren.jpg\"><img loading=\"lazy\" decoding=\"async\" class=\"aligncenter size-medium wp-image-355\" src=\"http:\/\/www.hsfk.nu\/wp-content\/uploads\/2015\/05\/Sportfiskekarta-Tisaren-300x218.jpg\" alt=\"Sportfiskekarta Tisaren\" width=\"300\" height=\"218\" srcset=\"http:\/\/www.hsfk.nu\/wp-content\/uploads\/2015\/05\/Sportfiskekarta-Tisaren-300x218.jpg 300w, http:\/\/www.hsfk.nu\/wp-content\/uploads\/2015\/05\/Sportfiskekarta-Tisaren-1024x744.jpg 1024w, http:\/\/www.hsfk.nu\/wp-content\/uploads\/2015\/05\/Sportfiskekarta-Tisaren.jpg 1755w\" sizes=\"auto, (max-width: 300px) 100vw, 300px\" \/><\/a>\u00a0 \u00a0 \u00a0 \u00a0 \u00a0 \u00a0 \u00a0 \u00a0 \u00a0 \u00a0 \u00a0 \u00a0 \u00a0 \u00a0 \u00a0 \u00a0 \u00a0 \u00a0 \u00a0 \u00a0 \u00a0 \u00a0 \u00a0 \u00a0 \u00a0<span style=\"color: #ff0000;\">Klicka p\u00e5 bilden f\u00f6r att f\u00f6rstora den!<\/span><\/p>\n<p>&nbsp;<\/p>\n","protected":false},"excerpt":{"rendered":"<p>H\u00e4r finns en fiskekarta \u00f6ver Tisaren. Observera att alla grund och stenar \u00e4r inte utm\u00e4rkta. Informationen p\u00e5 kartan \u00e4r ungef\u00e4rlig och ska inte anv\u00e4ndas f\u00f6r navigation. \u00a0 \u00a0 \u00a0 \u00a0 \u00a0 \u00a0 \u00a0 \u00a0 \u00a0 \u00a0 \u00a0 \u00a0 \u00a0 \u00a0 &hellip; <a href=\"http:\/\/www.hsfk.nu\/?page_id=354\">Forts\u00e4tt l\u00e4sa <span class=\"meta-nav\">&rarr;<\/span><\/a><\/p>\n","protected":false},"author":2,"featured_media":0,"parent":0,"menu_order":0,"comment_status":"closed","ping_status":"open","template":"","meta":{"ngg_post_thumbnail":0,"footnotes":""},"class_list":["post-354","page","type-page","status-publish","hentry"],"_links":{"self":[{"href":"http:\/\/www.hsfk.nu\/index.php?rest_route=\/wp\/v2\/pages\/354","targetHints":{"allow":["GET"]}}],"collection":[{"href":"http:\/\/www.hsfk.nu\/index.php?rest_route=\/wp\/v2\/pages"}],"about":[{"href":"http:\/\/www.hsfk.nu\/index.php?rest_route=\/wp\/v2\/types\/page"}],"author":[{"embeddable":true,"href":"http:\/\/www.hsfk.nu\/index.php?rest_route=\/wp\/v2\/users\/2"}],"replies":[{"embeddable":true,"href":"http:\/\/www.hsfk.nu\/index.php?rest_route=%2Fwp%2Fv2%2Fcomments&post=354"}],"version-history":[{"count":2,"href":"http:\/\/www.hsfk.nu\/index.php?rest_route=\/wp\/v2\/pages\/354\/revisions"}],"predecessor-version":[{"id":358,"href":"http:\/\/www.hsfk.nu\/index.php?rest_route=\/wp\/v2\/pages\/354\/revisions\/358"}],"wp:attachment":[{"href":"http:\/\/www.hsfk.nu\/index.php?rest_route=%2Fwp%2Fv2%2Fmedia&parent=354"}],"curies":[{"name":"wp","href":"https:\/\/api.w.org\/{rel}","templated":true}]}}